{"id":15,"date":"2020-03-09T16:23:07","date_gmt":"2020-03-09T16:23:07","guid":{"rendered":"http:\/\/c3.usac.edu.gt\/iies.usac.edu.gt\/public_html2\/?page_id=15"},"modified":"2026-03-13T21:56:24","modified_gmt":"2026-03-13T21:56:24","slug":"linea-de-investigacion","status":"publish","type":"page","link":"https:\/\/iies.usac.edu.gt\/index.php\/linea-de-investigacion\/","title":{"rendered":"L\u00ednea de Investigaci\u00f3n"},"content":{"rendered":"\n<div class=\"wp-block-columns is-layout-flex wp-container-4\">\n<div class=\"wp-block-column is-layout-flow\" style=\"flex-basis:25%\"><\/div>\n\n\n\n<div class=\"wp-block-column is-layout-flow\" style=\"flex-basis:50%\"><div class=\"wp-block-image\">\n<figure class=\"aligncenter size-full is-resized\"><img decoding=\"async\" loading=\"lazy\" src=\"https:\/\/iies.usac.edu.gt\/wp-content\/uploads\/2026\/01\/Foto-Lic.-Byron-Contreras.png\" alt=\"\" class=\"wp-image-2466\" width=\"250\" height=\"250\" srcset=\"https:\/\/iies.usac.edu.gt\/wp-content\/uploads\/2026\/01\/Foto-Lic.-Byron-Contreras.png 200w, https:\/\/iies.usac.edu.gt\/wp-content\/uploads\/2026\/01\/Foto-Lic.-Byron-Contreras-150x150.png 150w\" sizes=\"(max-width: 250px) 100vw, 250px\" \/><\/figure><\/div>\n\n\n<h4 class=\"wp-block-heading has-text-align-center\" style=\"font-size:22px\"><strong>Lic. Byron Iv\u00e1n Contreras Pineda<\/strong><br><strong>Director IIES<\/strong><\/h4>\n\n\n\n<p class=\"has-text-align-left has-very-light-gray-background-color has-background\" style=\"font-size:17px\"><strong>Profesi\u00f3n<\/strong>: Economista<br><br><strong>Especialidad o tem\u00e1tica<\/strong>: Macroeconom\u00eda, finanzas y sector p\u00fablico y pol\u00edtica econ\u00f3mica. <br><br><strong>Correo Electr\u00f3nico<\/strong>: bcontreras1962@gmail.com<\/p>\n<\/div>\n\n\n\n<div class=\"wp-block-column is-layout-flow\" style=\"flex-basis:25%\"><\/div>\n<\/div>\n\n\n\n<hr class=\"wp-block-separator has-css-opacity is-style-wide\"\/>\n\n\n\n<p class=\"has-text-align-center has-very-dark-gray-color has-text-color has-large-font-size\"><strong>INVESTIGADORES IIES<\/strong><\/p>\n\n\n\n<hr class=\"wp-block-separator has-css-opacity is-style-wide\"\/>\n\n\n\n<div class=\"wp-block-columns alignwide is-layout-flex wp-container-10\">\n<div class=\"wp-block-column is-layout-flow\"><div class=\"wp-block-image is-style-default\">\n<figure class=\"aligncenter size-large is-resized\"><img decoding=\"async\" loading=\"lazy\" src=\"https:\/\/iies.usac.edu.gt\/wp-content\/uploads\/2020\/07\/Lic.-Miguel-Castro-Director-IIES.png\" alt=\"\" class=\"wp-image-153\" width=\"250\" height=\"250\" srcset=\"https:\/\/iies.usac.edu.gt\/wp-content\/uploads\/2020\/07\/Lic.-Miguel-Castro-Director-IIES.png 500w, https:\/\/iies.usac.edu.gt\/wp-content\/uploads\/2020\/07\/Lic.-Miguel-Castro-Director-IIES-300x300.png 300w, https:\/\/iies.usac.edu.gt\/wp-content\/uploads\/2020\/07\/Lic.-Miguel-Castro-Director-IIES-150x150.png 150w\" sizes=\"(max-width: 250px) 100vw, 250px\" \/><\/figure><\/div>\n\n\n<h4 class=\"wp-block-heading has-text-align-center\" style=\"font-size:16px\"><strong>Lic. Miguel \u00c1ngel Castro P\u00e9rez<\/strong><\/h4>\n\n\n\n<p class=\"has-text-align-left has-very-dark-gray-color has-very-light-gray-to-cyan-bluish-gray-gradient-background has-text-color has-background\" style=\"font-size:15px\"><strong>Profesi\u00f3n<\/strong>: Economista.<br><br><strong>Especialidad o tem\u00e1tica<\/strong>: Finanzas P\u00fablicas. <br><br><strong>Correo Electr\u00f3nico<\/strong>: cpma5050@yahoo.com <br>                                   <\/p>\n<\/div>\n\n\n\n<div class=\"wp-block-column is-layout-flow\" style=\"flex-basis:5%\"><\/div>\n\n\n\n<div class=\"wp-block-column is-layout-flow\"><div class=\"wp-block-image\">\n<figure class=\"aligncenter size-large is-resized\"><img decoding=\"async\" loading=\"lazy\" src=\"https:\/\/iies.usac.edu.gt\/wp-content\/uploads\/2020\/07\/Lic.-FranklinValdez.png\" alt=\"\" class=\"wp-image-152\" width=\"250\" height=\"250\" srcset=\"https:\/\/iies.usac.edu.gt\/wp-content\/uploads\/2020\/07\/Lic.-FranklinValdez.png 500w, https:\/\/iies.usac.edu.gt\/wp-content\/uploads\/2020\/07\/Lic.-FranklinValdez-300x300.png 300w, https:\/\/iies.usac.edu.gt\/wp-content\/uploads\/2020\/07\/Lic.-FranklinValdez-150x150.png 150w\" sizes=\"(max-width: 250px) 100vw, 250px\" \/><\/figure><\/div>\n\n\n<h4 class=\"wp-block-heading has-text-align-center\" style=\"font-size:16px\"><strong>Lic. Franklin Roberto Valdez Cruz<\/strong><\/h4>\n\n\n\n<p class=\"has-white-background-color has-background\" style=\"font-size:15px\"><strong>Profesi\u00f3n:<\/strong> Economista.<br><br><strong>Especialidad o tem\u00e1tica:<\/strong> Econom\u00eda Pol\u00edtica y Sociolog\u00eda Cient\u00edfica.<br><br><strong>Correo Electr\u00f3nico:<\/strong> franklinvaldez2000@gmail.com<\/p>\n<\/div>\n\n\n\n<div class=\"wp-block-column is-layout-flow\" style=\"flex-basis:5%\"><\/div>\n\n\n\n<div class=\"wp-block-column is-layout-flow\"><div class=\"wp-block-image\">\n<figure class=\"aligncenter size-full is-resized\"><img decoding=\"async\" loading=\"lazy\" src=\"https:\/\/iies.usac.edu.gt\/wp-content\/uploads\/2024\/01\/Foto-Dra.-Herlem-Reyes.png\" alt=\"\" class=\"wp-image-1785\" width=\"250\" height=\"250\"\/><\/figure><\/div>\n\n\n<h4 class=\"wp-block-heading has-text-align-center\" style=\"font-size:16px\"><strong>Dra. Herlem Isol Reyes L\u00f3pez<\/strong><\/h4>\n\n\n\n<p class=\"has-very-light-gray-to-cyan-bluish-gray-gradient-background has-background\" style=\"font-size:15px\"><strong>Profesi\u00f3n:<\/strong> Dra. en Ciencias Sociales, Magister en Desarrollo Humano Local y Cooperaci\u00f3n Internacional, Cient\u00edfica Social y Administradora de Empresas.<br><br><strong>Especialidad o tem\u00e1tica:<\/strong> Estudios sobre Administraci\u00f3n de Organizaciones, Pobreza y Pol\u00edticas Sociales. <br><br><strong>Correo Electr\u00f3nico:<\/strong> hilinreyes@gmail.com<\/p>\n<\/div>\n<\/div>\n\n\n\n<hr class=\"wp-block-separator has-css-opacity is-style-wide\"\/>\n\n\n\n<div class=\"wp-block-columns alignwide is-layout-flex wp-container-16\">\n<div class=\"wp-block-column is-layout-flow\"><div class=\"wp-block-image\">\n<figure class=\"aligncenter size-large is-resized\"><img decoding=\"async\" loading=\"lazy\" src=\"https:\/\/iies.usac.edu.gt\/wp-content\/uploads\/2020\/07\/Dr.-Jorge-Murga-2.png\" alt=\"\" class=\"wp-image-147\" width=\"250\" height=\"250\" srcset=\"https:\/\/iies.usac.edu.gt\/wp-content\/uploads\/2020\/07\/Dr.-Jorge-Murga-2.png 500w, https:\/\/iies.usac.edu.gt\/wp-content\/uploads\/2020\/07\/Dr.-Jorge-Murga-2-300x300.png 300w, https:\/\/iies.usac.edu.gt\/wp-content\/uploads\/2020\/07\/Dr.-Jorge-Murga-2-150x150.png 150w\" sizes=\"(max-width: 250px) 100vw, 250px\" \/><\/figure><\/div>\n\n\n<h4 class=\"wp-block-heading has-text-align-center\" style=\"font-size:16px\"><strong>Dr. Jorge Murga Armas<\/strong><\/h4>\n\n\n\n<p class=\"has-very-light-gray-to-cyan-bluish-gray-gradient-background has-background\" style=\"font-size:15px\"><strong>Profesi\u00f3n:<\/strong> Doctorado en \u201cAntropolog\u00eda y Sociolog\u00eda de lo pol\u00edtico\u201d y Licenciatura en Contadur\u00eda P\u00fablica y Auditor\u00eda.<br><br><strong>Especialidad o tem\u00e1tica:<\/strong> Antropolog\u00eda y Sociolog\u00eda de lo pol\u00edtico, Econom\u00eda y Sociolog\u00eda rural, Historia agraria, Auditor\u00eda ambiental y Estudios Latinoamericanos.<br><br><strong>Correo Electr\u00f3nico:<\/strong> jmurga@usac.edu.gt<\/p>\n<\/div>\n\n\n\n<div class=\"wp-block-column is-layout-flow\" style=\"flex-basis:5%\"><\/div>\n\n\n\n<div class=\"wp-block-column is-layout-flow\"><div class=\"wp-block-image\">\n<figure class=\"aligncenter size-full is-resized\"><img decoding=\"async\" loading=\"lazy\" src=\"https:\/\/iies.usac.edu.gt\/wp-content\/uploads\/2026\/01\/Foto-Carlos-Morales.png\" alt=\"\" class=\"wp-image-2463\" width=\"250\" height=\"250\" srcset=\"https:\/\/iies.usac.edu.gt\/wp-content\/uploads\/2026\/01\/Foto-Carlos-Morales.png 200w, https:\/\/iies.usac.edu.gt\/wp-content\/uploads\/2026\/01\/Foto-Carlos-Morales-150x150.png 150w\" sizes=\"(max-width: 250px) 100vw, 250px\" \/><\/figure><\/div>\n\n\n<h4 class=\"wp-block-heading has-text-align-center\" style=\"font-size:16px\"><strong>Lic. Carlos Morales L\u00f3pez<\/strong><\/h4>\n\n\n\n<p class=\"has-white-background-color has-background\" style=\"font-size:15px\"><strong>Profesi\u00f3n:<\/strong> Economista.<br><br><strong>Especialidad o tem\u00e1tica:<\/strong> Desarrollo, recursos naturales y medio ambiente.<br><br><strong>Correo Electr\u00f3nico: <\/strong>carlosml@usac.edu.gt<\/p>\n<\/div>\n\n\n\n<div class=\"wp-block-column is-layout-flow\" style=\"flex-basis:5%\"><\/div>\n\n\n\n<div class=\"wp-block-column is-layout-flow\"><div class=\"wp-block-image\">\n<figure class=\"aligncenter size-full is-resized\"><img decoding=\"async\" loading=\"lazy\" src=\"https:\/\/iies.usac.edu.gt\/wp-content\/uploads\/2020\/07\/Foto-Lic.-Edgar-Marroqu\u00b0n-copia.png\" alt=\"\" class=\"wp-image-148\" width=\"250\" height=\"250\" srcset=\"https:\/\/iies.usac.edu.gt\/wp-content\/uploads\/2020\/07\/Foto-Lic.-Edgar-Marroqu\u00b0n-copia.png 500w, https:\/\/iies.usac.edu.gt\/wp-content\/uploads\/2020\/07\/Foto-Lic.-Edgar-Marroqu\u00b0n-copia-300x300.png 300w, https:\/\/iies.usac.edu.gt\/wp-content\/uploads\/2020\/07\/Foto-Lic.-Edgar-Marroqu\u00b0n-copia-150x150.png 150w\" sizes=\"(max-width: 250px) 100vw, 250px\" \/><\/figure><\/div>\n\n\n<h4 class=\"wp-block-heading has-text-align-center\" style=\"font-size:16px\"><strong>Dr. Edgar Arturo Marroqu\u00edn L\u00f3pez<\/strong><\/h4>\n\n\n\n<p class=\"has-very-light-gray-to-cyan-bluish-gray-gradient-background has-background\" style=\"font-size:15px\"><strong>Profesi\u00f3n:<\/strong> Economista y Doctor en Administraci\u00f3n P\u00fablica y Pol\u00edticas P\u00fablicas.<br><br><strong>Especialidad o tem\u00e1tica:<\/strong> Macroeconom\u00eda, Pol\u00edticas P\u00fablicas, Econom\u00eda Pol\u00edtica y problem\u00e1tica social.<br><br><strong>Correo Electr\u00f3nico: <\/strong>edgarmarro@yahoo.com<\/p>\n<\/div>\n<\/div>\n\n\n\n<hr class=\"wp-block-separator has-css-opacity is-style-wide\"\/>\n\n\n\n<div class=\"wp-block-columns alignwide is-layout-flex wp-container-22\">\n<div class=\"wp-block-column is-layout-flow\"><div class=\"wp-block-image\">\n<figure class=\"aligncenter size-full is-resized\"><img decoding=\"async\" loading=\"lazy\" src=\"https:\/\/iies.usac.edu.gt\/wp-content\/uploads\/2020\/07\/Licda.-M\u00a2nica-Hidalgo-copia.png\" alt=\"\" class=\"wp-image-155\" width=\"250\" height=\"250\" srcset=\"https:\/\/iies.usac.edu.gt\/wp-content\/uploads\/2020\/07\/Licda.-M\u00a2nica-Hidalgo-copia.png 500w, https:\/\/iies.usac.edu.gt\/wp-content\/uploads\/2020\/07\/Licda.-M\u00a2nica-Hidalgo-copia-300x300.png 300w, https:\/\/iies.usac.edu.gt\/wp-content\/uploads\/2020\/07\/Licda.-M\u00a2nica-Hidalgo-copia-150x150.png 150w\" sizes=\"(max-width: 250px) 100vw, 250px\" \/><\/figure><\/div>\n\n\n<h4 class=\"wp-block-heading has-text-align-center\" style=\"font-size:16px\"><strong><strong>M. Sc. M\u00f3nica Floridalma Hidalgo Motta<\/strong><\/strong><\/h4>\n\n\n\n<p class=\"has-very-dark-gray-color has-very-light-gray-to-cyan-bluish-gray-gradient-background has-text-color has-background\" style=\"font-size:15px\"><strong>Profesi\u00f3n:<\/strong> Posgrado en Finanzas P\u00fablicas y Gesti\u00f3n Presupuestaria Gubernamental. M\u00e1ster en Recursos Humanos y Gesti\u00f3n del Conocimiento. Maestr\u00eda en Gesti\u00f3n del Talento Humano. Economista. <br><br><strong>Especialidad o tem\u00e1tica:<\/strong> Social, Econ\u00f3mica y Ambiental.<br><br><strong>Correo Electr\u00f3nico:<\/strong> hidalgo.monica@usac.edu.gt<br><br><strong>Profesi\u00f3n:<\/strong> Economista.<\/p>\n<\/div>\n\n\n\n<div class=\"wp-block-column is-layout-flow\" style=\"flex-basis:5%\"><\/div>\n\n\n\n<div class=\"wp-block-column is-layout-flow\"><div class=\"wp-block-image\">\n<figure class=\"aligncenter size-large is-resized\"><img decoding=\"async\" loading=\"lazy\" src=\"https:\/\/iies.usac.edu.gt\/wp-content\/uploads\/2020\/07\/Licda.-Andrely-Cisneros.png\" alt=\"\" class=\"wp-image-154\" width=\"250\" height=\"250\" srcset=\"https:\/\/iies.usac.edu.gt\/wp-content\/uploads\/2020\/07\/Licda.-Andrely-Cisneros.png 500w, https:\/\/iies.usac.edu.gt\/wp-content\/uploads\/2020\/07\/Licda.-Andrely-Cisneros-300x300.png 300w, https:\/\/iies.usac.edu.gt\/wp-content\/uploads\/2020\/07\/Licda.-Andrely-Cisneros-150x150.png 150w\" sizes=\"(max-width: 250px) 100vw, 250px\" \/><\/figure><\/div>\n\n\n<h4 class=\"wp-block-heading has-text-align-center\" style=\"font-size:16px\"><strong>M. Sc. Andrely Mael\u00ed Cisneros Flores<\/strong><\/h4>\n\n\n\n<p class=\"has-very-dark-gray-color has-white-background-color has-text-color has-background\" style=\"font-size:15px\"><strong>Profesi\u00f3n:<\/strong> Economista, M\u00e1ster en Demograf\u00eda y Desarrollo y M\u00e1ster en Estad\u00edstica Aplicada.<br><br><strong>Especialidad o tem\u00e1tica:<\/strong> Demograf\u00eda, econom\u00eda y medio ambiente.<br><br><strong>Correo Electr\u00f3nico:<\/strong> andrely.cisneros@gmail.com<\/p>\n<\/div>\n\n\n\n<div class=\"wp-block-column is-layout-flow\" style=\"flex-basis:5%\"><\/div>\n\n\n\n<div class=\"wp-block-column is-layout-flow\"><div class=\"wp-block-image\">\n<figure class=\"aligncenter size-large is-resized\"><img decoding=\"async\" loading=\"lazy\" src=\"https:\/\/iies.usac.edu.gt\/wp-content\/uploads\/2022\/02\/Lic.-Carlos-Solis.png\" alt=\"\" class=\"wp-image-1416\" width=\"250\" height=\"250\" srcset=\"https:\/\/iies.usac.edu.gt\/wp-content\/uploads\/2022\/02\/Lic.-Carlos-Solis.png 500w, https:\/\/iies.usac.edu.gt\/wp-content\/uploads\/2022\/02\/Lic.-Carlos-Solis-300x300.png 300w, https:\/\/iies.usac.edu.gt\/wp-content\/uploads\/2022\/02\/Lic.-Carlos-Solis-150x150.png 150w\" sizes=\"(max-width: 250px) 100vw, 250px\" \/><\/figure><\/div>\n\n\n<h4 class=\"wp-block-heading has-text-align-center\" style=\"font-size:16px\"><strong>Lic. Carlos Enrique Solis Garc\u00eda<\/strong><\/h4>\n\n\n\n<p class=\"has-very-light-gray-to-cyan-bluish-gray-gradient-background has-background\" style=\"font-size:15px\"><strong>Profesi\u00f3n:<\/strong> Contador P\u00fablico y Auditor.<br><br><strong>Especialidad o tem\u00e1tica:<\/strong> Econ\u00f3mico \u2013 financiero en el campo de la Contadur\u00eda P\u00fablica y Auditor\u00eda y otros relacionados con la problem\u00e1tica socioecon\u00f3mica y ambiental.<br><br><strong>Correo Electr\u00f3nico:<\/strong> carlosolis_2103@hotmail.com<br><\/p>\n<\/div>\n<\/div>\n\n\n\n<hr class=\"wp-block-separator has-alpha-channel-opacity\"\/>\n\n\n\n<div class=\"wp-block-columns alignwide is-layout-flex wp-container-28\">\n<div class=\"wp-block-column is-layout-flow\"><div class=\"wp-block-image\">\n<figure class=\"aligncenter size-full is-resized\"><img decoding=\"async\" loading=\"lazy\" src=\"https:\/\/iies.usac.edu.gt\/wp-content\/uploads\/2026\/02\/Diseno-sin-titulo-con-formato.png\" alt=\"\" class=\"wp-image-2576\" width=\"250\" height=\"250\" srcset=\"https:\/\/iies.usac.edu.gt\/wp-content\/uploads\/2026\/02\/Diseno-sin-titulo-con-formato.png 200w, https:\/\/iies.usac.edu.gt\/wp-content\/uploads\/2026\/02\/Diseno-sin-titulo-con-formato-150x150.png 150w\" sizes=\"(max-width: 250px) 100vw, 250px\" \/><\/figure><\/div>\n\n\n<h4 class=\"wp-block-heading has-text-align-center\" style=\"font-size:16px\"><strong><strong>M. Sc. Marvin Geovanni Jaime Santos<\/strong><\/strong><\/h4>\n\n\n\n<p class=\"has-very-dark-gray-color has-very-light-gray-to-cyan-bluish-gray-gradient-background has-text-color has-background\" style=\"font-size:15px\"><strong>Profesi\u00f3n:<\/strong> Mag\u00edster en Administraci\u00f3n de Empresas y Licenciado en Contadur\u00eda P\u00fablica y Auditor\u00eda. <br><br><strong>Especialidad o tem\u00e1tica:<\/strong> Docencia universitaria, contabilidad y&nbsp;finanzas en el \u00e1mbito&nbsp;de la contadur\u00eda p\u00fablica y auditor\u00eda, An\u00e1lisis de Riesgos y Cumplimiento normativo y gesti\u00f3n de log\u00edstica&nbsp;y transporte.<br><br><strong>Correo Electr\u00f3nico:<\/strong> licmarvinjaime@profesor.usac.edu.gt<br><br><\/p>\n<\/div>\n\n\n\n<div class=\"wp-block-column is-layout-flow\" style=\"flex-basis:5%\"><\/div>\n\n\n\n<div class=\"wp-block-column is-layout-flow\">\n<h4 class=\"wp-block-heading has-text-align-center\"><\/h4>\n\n\n\n<p class=\"has-very-dark-gray-color has-white-background-color has-text-color has-background has-normal-font-size\"><br><br><\/p>\n<\/div>\n\n\n\n<div class=\"wp-block-column is-layout-flow\" style=\"flex-basis:5%\"><\/div>\n\n\n\n<div class=\"wp-block-column is-layout-flow\">\n<h4 class=\"wp-block-heading has-text-align-center\"><\/h4>\n\n\n\n<p class=\"has-white-background-color has-background has-normal-font-size\"><br><\/p>\n<\/div>\n<\/div>\n\n\n\n<p><\/p>\n\n\n\n<p><\/p>\n","protected":false},"excerpt":{"rendered":"<p>Lic. Byron Iv\u00e1n Contreras PinedaDirector IIES Profesi\u00f3n: Economista Especialidad o tem\u00e1tica: Macroeconom\u00eda, finanzas y sector p\u00fablico y pol\u00edtica econ\u00f3mica. Correo Electr\u00f3nico: bcontreras1962@gmail.com INVESTIGADORES IIES Lic. Miguel \u00c1ngel Castro P\u00e9rez Profesi\u00f3n: Economista. Especialidad o tem\u00e1tica: Finanzas P\u00fablicas. Correo Electr\u00f3nico: cpma5050@yahoo.com Lic. Franklin Roberto Valdez Cruz Profesi\u00f3n: Economista. Especialidad o tem\u00e1tica: Econom\u00eda Pol\u00edtica y Sociolog\u00eda Cient\u00edfica. Correo [&hellip;]<\/p>\n","protected":false},"author":1,"featured_media":202,"parent":0,"menu_order":0,"comment_status":"closed","ping_status":"closed","template":"","meta":[],"_links":{"self":[{"href":"https:\/\/iies.usac.edu.gt\/index.php\/wp-json\/wp\/v2\/pages\/15"}],"collection":[{"href":"https:\/\/iies.usac.edu.gt\/index.php\/wp-json\/wp\/v2\/pages"}],"about":[{"href":"https:\/\/iies.usac.edu.gt\/index.php\/wp-json\/wp\/v2\/types\/page"}],"author":[{"embeddable":true,"href":"https:\/\/iies.usac.edu.gt\/index.php\/wp-json\/wp\/v2\/users\/1"}],"replies":[{"embeddable":true,"href":"https:\/\/iies.usac.edu.gt\/index.php\/wp-json\/wp\/v2\/comments?post=15"}],"version-history":[{"count":91,"href":"https:\/\/iies.usac.edu.gt\/index.php\/wp-json\/wp\/v2\/pages\/15\/revisions"}],"predecessor-version":[{"id":2619,"href":"https:\/\/iies.usac.edu.gt\/index.php\/wp-json\/wp\/v2\/pages\/15\/revisions\/2619"}],"wp:featuredmedia":[{"embeddable":true,"href":"https:\/\/iies.usac.edu.gt\/index.php\/wp-json\/wp\/v2\/media\/202"}],"wp:attachment":[{"href":"https:\/\/iies.usac.edu.gt\/index.php\/wp-json\/wp\/v2\/media?parent=15"}],"curies":[{"name":"wp","href":"https:\/\/api.w.org\/{rel}","templated":true}]}}